{"id":172,"date":"2023-11-01T16:16:55","date_gmt":"2023-11-01T15:16:55","guid":{"rendered":"https:\/\/aynrand.pro\/?page_id=172"},"modified":"2024-09-03T20:31:29","modified_gmt":"2024-09-03T18:31:29","slug":"impressum","status":"publish","type":"page","link":"https:\/\/aynrand.pro\/index.php\/impressum\/","title":{"rendered":"IMPRESSUM"},"content":{"rendered":"\n<p><br><\/p>\n\n\n\n<div class=\"wp-block-columns are-vertically-aligned-center is-layout-flex wp-container-core-columns-is-layout-9d6595d7 wp-block-columns-is-layout-flex\">\n<div class=\"wp-block-column is-vertically-aligned-center is-layout-flow wp-block-column-is-layout-flow\" style=\"flex-basis:33.33%\">\n<figure class=\"wp-block-image size-large\"><img loading=\"lazy\" decoding=\"async\" width=\"1024\" height=\"1024\" src=\"https:\/\/aynrand.pro\/wp-content\/uploads\/2023\/05\/logo_ukr_style2-1024x1024.png\" alt=\"\" class=\"wp-image-276\" srcset=\"https:\/\/aynrand.pro\/wp-content\/uploads\/2023\/05\/logo_ukr_style2-1024x1024.png 1024w, https:\/\/aynrand.pro\/wp-content\/uploads\/2023\/05\/logo_ukr_style2-300x300.png 300w, https:\/\/aynrand.pro\/wp-content\/uploads\/2023\/05\/logo_ukr_style2-150x150.png 150w, https:\/\/aynrand.pro\/wp-content\/uploads\/2023\/05\/logo_ukr_style2-768x768.png 768w, https:\/\/aynrand.pro\/wp-content\/uploads\/2023\/05\/logo_ukr_style2-1536x1536.png 1536w, https:\/\/aynrand.pro\/wp-content\/uploads\/2023\/05\/logo_ukr_style2-2048x2048.png 2048w\" sizes=\"auto, (max-width: 1024px) 100vw, 1024px\" \/><\/figure>\n<\/div>\n\n\n\n<div class=\"wp-block-column is-vertically-aligned-center is-layout-flow wp-block-column-is-layout-flow\" style=\"flex-basis:66.66%\">\n<p class=\"has-medium-font-size\"><strong>Ayn Rand Gesellschaft e. V.<\/strong><br>Frommhagenstra\u00dfe 34<br>39576 Stendal<br>Eingetragen beim Vereinsregister Stendal &#8211; VR 6555 <br><br>Vorsitzender &amp; Verantwortlicher f\u00fcr redaktionelle Inhalte: <br>Max Remke<br>Frommhagenstra\u00dfe 34<br>39576 Stendal<br><br>Eine Steuernummer wurde uns noch nicht zugeteilt.<br><br>Mail: info@aynrand.pro<br>Nutzen Sie alternativ gerne unser Kontaktformular, hier auf der Seite.<br><\/p>\n<\/div>\n<\/div>\n","protected":false},"excerpt":{"rendered":"<p>Ayn Rand Gesellschaft e. V.Frommhagenstra\u00dfe 3439576 StendalEingetragen beim Vereinsregister Stendal &#8211; VR 6555 Vorsitzender &amp; Verantwortlicher f\u00fcr redaktionelle Inhalte: Max RemkeFrommhagenstra\u00dfe 3439576 Stendal Eine Steuernummer wurde uns noch nicht zugeteilt. Mail: info@aynrand.proNutzen Sie alternativ gerne unser Kontaktformular, hier auf der Seite.<\/p>\n","protected":false},"author":1,"featured_media":0,"parent":0,"menu_order":0,"comment_status":"closed","ping_status":"closed","template":"","meta":{"_coblocks_attr":"","_coblocks_dimensions":"","_coblocks_responsive_height":"","_coblocks_accordion_ie_support":"","_eb_attr":"","_uag_custom_page_level_css":"","advgb_blocks_editor_width":"","advgb_blocks_columns_visual_guide":"","neve_meta_sidebar":"","neve_meta_container":"","neve_meta_enable_content_width":"","neve_meta_content_width":0,"neve_meta_title_alignment":"","neve_meta_author_avatar":"","neve_post_elements_order":"","neve_meta_disable_header":"","neve_meta_disable_footer":"","neve_meta_disable_title":"","footnotes":""},"class_list":["post-172","page","type-page","status-publish","hentry"],"aioseo_notices":[],"featured_image_src":null,"uagb_featured_image_src":{"full":false,"thumbnail":false,"medium":false,"medium_large":false,"large":false,"1536x1536":false,"2048x2048":false,"neve-blog":false},"uagb_author_info":{"display_name":"admin","author_link":"https:\/\/aynrand.pro\/index.php\/author\/admin\/"},"uagb_comment_info":0,"uagb_excerpt":"Ayn Rand Gesellschaft e. V.Frommhagenstra\u00dfe 3439576 StendalEingetragen beim Vereinsregister Stendal &#8211; VR 6555 Vorsitzender &amp; Verantwortlicher f\u00fcr redaktionelle Inhalte: Max RemkeFrommhagenstra\u00dfe 3439576 Stendal Eine Steuernummer wurde uns noch nicht zugeteilt. Mail: info@aynrand.proNutzen Sie alternativ gerne unser Kontaktformular, hier auf der Seite.","coauthors":[],"author_meta":{"author_link":"https:\/\/aynrand.pro\/index.php\/author\/admin\/","display_name":"admin"},"relative_dates":{"created":"Ver\u00f6ffentlicht 3\u00a0Jahren vor","modified":"Aktualisiert 2\u00a0Jahren vor"},"absolute_dates":{"created":"Ver\u00f6ffentlicht am 1. November 2023","modified":"Aktualisiert am 3. September 2024"},"absolute_dates_time":{"created":"Ver\u00f6ffentlicht am 1. November 2023 16:16","modified":"Aktualisiert am 3. September 2024 20:31"},"featured_img_caption":"","featured_img":false,"series_order":"","_links":{"self":[{"href":"https:\/\/aynrand.pro\/index.php\/wp-json\/wp\/v2\/pages\/172","targetHints":{"allow":["GET"]}}],"collection":[{"href":"https:\/\/aynrand.pro\/index.php\/wp-json\/wp\/v2\/pages"}],"about":[{"href":"https:\/\/aynrand.pro\/index.php\/wp-json\/wp\/v2\/types\/page"}],"author":[{"embeddable":true,"href":"https:\/\/aynrand.pro\/index.php\/wp-json\/wp\/v2\/users\/1"}],"replies":[{"embeddable":true,"href":"https:\/\/aynrand.pro\/index.php\/wp-json\/wp\/v2\/comments?post=172"}],"version-history":[{"count":8,"href":"https:\/\/aynrand.pro\/index.php\/wp-json\/wp\/v2\/pages\/172\/revisions"}],"predecessor-version":[{"id":573,"href":"https:\/\/aynrand.pro\/index.php\/wp-json\/wp\/v2\/pages\/172\/revisions\/573"}],"wp:attachment":[{"href":"https:\/\/aynrand.pro\/index.php\/wp-json\/wp\/v2\/media?parent=172"}],"curies":[{"name":"wp","href":"https:\/\/api.w.org\/{rel}","templated":true}]}}