{"id":3,"date":"2023-03-09T23:40:42","date_gmt":"2023-03-09T22:40:42","guid":{"rendered":"https:\/\/aynrand.pro\/?page_id=3"},"modified":"2024-09-03T20:31:29","modified_gmt":"2024-09-03T18:31:29","slug":"datenschutzerklaerung","status":"publish","type":"page","link":"https:\/\/aynrand.pro\/index.php\/datenschutzerklaerung\/","title":{"rendered":"Datenschutzerkl\u00e4rung"},"content":{"rendered":"\n<p><strong>VERANTWORTLICHER &amp; KONTAKT<\/strong><\/p>\n\n\n\n<p>Verantwortlich gem. DSGVO ist die:\u00a0Ayn Rand Gesellschaft e.V. mit Sitz in: Ayn Rand Gesellschaft e. V., Frommhagenstra\u00dfe 34, 39576 Stendal. Du kannst uns ferner bzgl. Datenschutzanfragen via Mail \u00fcber info@aynrand.pro erreichen.<br><br>Ein gesonderter Datenschutzbeauftragter ist nicht bestellt, da wir nicht mindestens 20 Personen st\u00e4ndig mit der automatisierten Verarbeitung personenbezogener Daten besch\u00e4ftigen, vgl. \u00a7 38 Abs. 1 BDSG i.V.m. Art. 37 DSGVO.<br><\/p>\n\n\n\n<p><strong>DEINE RECHTE<\/strong><\/p>\n\n\n\n<p>Dir stehen im Datenschutz die Rechte der DSGVO zu (sofern die im Gesetz genannten Voraussetzungen vorliegen).<br><\/p>\n\n\n\n<p><strong>BESUCH DER WEBSEITE<\/strong><\/p>\n\n\n\n<p>Wenn Du unsere Webseite besuchst und dich nur informieren willst und dich dabei nicht registrierst oder weitere Informationen \u00fcbermittelst, erheben wir nur die personenbezogenen Daten, die dein Browser an unseren Server \u00fcbermittelt (bspw. Zeitzone, Browser-Typ,aufgerufene Seite, Datum der Anfrage, Betriebsystem). Es handelt sich dabei um Daten, die technisch erforderlich sind, um die Webseite anzuzeigen und die Stabilit\u00e4t und Sicherheit zu gew\u00e4hrleisten. Rechtsgrundlage daf\u00fcr ist Art. 6 Abs. 1 S. 1 lit. f DSGVO. Dies erfolgt \u00fcber unseren Hosting-Anbieter: <\/p>\n\n\n\n<p>netcup GmbH<br>Daimlerstra\u00dfe 25<br>D-76185 Karlsruhe<br><\/p>\n\n\n\n<p><strong>KONTAKTAUFNAHME<\/strong> <strong>&amp; KOMMENTARE<\/strong><\/p>\n\n\n\n<p>Bei einer Kontaktaufnahme mit uns per E-Mail oder \u00fcber ein Kontaktformular werden die mitgeteilten Daten bei uns gespeichert, um deine Fragen zu beantworten. Soweit wir \u00fcber unser Kontaktformular Eingaben abfragen, die nicht f\u00fcr eine Kontaktaufnahme erforderlich sind, sind diese als optional gekennzeichnet. Eine Mitteilung dieser Angaben erfolgt ausdr\u00fccklich auf freiwilliger Basis und mit Ihrer Einwilligung, Art. 6 Abs. 1 S. 1 lit. a DSGVO. Wenn es sich hierbei um Angaben zu Kommunikationswegen handelt, willigst Du ein, dass wir Dich auch \u00fcber diesen Kommunikationskanal kontaktieren k\u00f6nnen, um die Anfrage zu bearbeiten. Diese Einwilligung kann jederzeit f\u00fcr die Zukunft widerrufen werden. Die in diesem Zusammenhang anfallenden Daten werden gel\u00f6scht, nachdem die Speicherung nicht mehr erforderlich ist, oder der Widerruf erkl\u00e4rt wird.<\/p>\n\n\n\n<p>Wenn du einen Kommentar schreibst, wird dieser inklusive Metadaten zeitlich unbegrenzt gespeichert. Auf diese Art k\u00f6nnen wir Folgekommentare automatisch erkennen und freigeben, anstatt sie in einer Moderations-Warteschlange festzuhalten.<\/p>\n\n\n\n<p>F\u00fcr Benutzer, die sich auf unserer Website registrieren, speichern wir zus\u00e4tzlich die pers\u00f6nlichen Informationen, die sie in ihren Benutzerprofilen angeben. Alle Benutzer k\u00f6nnen jederzeit ihre pers\u00f6nlichen Informationen einsehen, ver\u00e4ndern oder l\u00f6schen (der Benutzername kann nicht ver\u00e4ndert werden). Administratoren der Website k\u00f6nnen diese Informationen ebenfalls einsehen und ver\u00e4ndern.<\/p>\n\n\n\n<p>Wenn du ein Konto auf dieser Website besitzt oder Kommentare geschrieben hast, kannst du einen Export deiner personenbezogenen Daten bei uns anfordern, inklusive aller Daten, die du uns mitgeteilt hast. Dar\u00fcber hinaus kannst du die L\u00f6schung aller personenbezogenen Daten, die wir von dir gespeichert haben, anfordern. Dies umfasst nicht die Daten, die wir aufgrund administrativer, rechtlicher oder sicherheitsrelevanter Notwendigkeiten aufbewahren m\u00fcssen.<br><\/p>\n\n\n\n<p><strong>COOKIES<\/strong><\/p>\n\n\n\n<p>Wenn du einen Kommentar auf unserer Website schreibst, kann das eine Einwilligung sein, deinen Namen, E-Mail-Adresse und Website in Cookies zu speichern. Dies ist eine Komfortfunktion, damit du nicht, wenn du einen weiteren Kommentar schreibst, all diese Daten erneut eingeben musst. Diese Cookies werden ein Jahr lang gespeichert.<\/p>\n\n\n\n<p>Falls du ein Konto hast und dich auf dieser Website anmeldest, werden wir ein tempor\u00e4res Cookie setzen, um festzustellen, ob dein Browser Cookies akzeptiert. Dieses Cookie enth\u00e4lt keine personenbezogenen Daten und wird verworfen, wenn du deinen Browser schlie\u00dft.<\/p>\n\n\n\n<p>Wenn du dich anmeldest, werden wir einige Cookies einrichten, um deine Anmeldeinformationen und Anzeigeoptionen zu speichern. Anmelde-Cookies verfallen nach zwei Tagen und Cookies f\u00fcr die Anzeigeoptionen nach einem Jahr. Falls du bei der Anmeldung \u201eAngemeldet bleiben\u201c ausw\u00e4hlst, wird deine Anmeldung zwei Wochen lang aufrechterhalten. Mit der Abmeldung aus deinem Konto werden die Anmelde-Cookies gel\u00f6scht.<\/p>\n\n\n\n<p>Wenn du einen Artikel bearbeitest oder ver\u00f6ffentlichst, wird ein zus\u00e4tzlicher Cookie in deinem Browser gespeichert. Dieser Cookie enth\u00e4lt keine personenbezogenen Daten und verweist nur auf die Beitrags-ID des Artikels, den du gerade bearbeitet hast. Der Cookie verf\u00e4llt nach einem Tag.<br><\/p>\n\n\n\n<p><strong>EINGEBETTETE INHALTE<\/strong><\/p>\n\n\n\n<p>Beitr\u00e4ge auf dieser Website k\u00f6nnen eingebettete Inhalte beinhalten (z.\u00a0B. Videos, Bilder, Beitr\u00e4ge etc.). Eingebettete Inhalte von anderen Websites verhalten sich exakt so, als ob der Besucher die andere Website besucht h\u00e4tte.<\/p>\n\n\n\n<p>Diese Websites k\u00f6nnen Daten \u00fcber dich sammeln, Cookies benutzen, zus\u00e4tzliche Tracking-Dienste von Dritten einbetten und deine Interaktion mit diesem eingebetteten Inhalt aufzeichnen, inklusive deiner Interaktion mit dem eingebetteten Inhalt, falls du ein Konto hast und auf dieser Website angemeldet bist.<br><\/p>\n\n\n\n<p><strong>GOOGLE ANALYTICS<\/strong><\/p>\n\n\n\n<p>Diese Seite verwendet die Dienste von Google Analytics. Wir verwenden diese Daten um zu pr\u00fcfen, ob unsere Seite besucht wird, wie lange die Verweildauer ist etc. um unser Angebot besser &amp; attraktiver zu machen. Einen genauen \u00dcberblick der Daten findest Du bei: https:\/\/support.google.com\/analytics\/answer\/6004245?hl=de&amp;ref_topic=2919631&amp;sjid=6636312018466752661-EU<br><\/p>\n","protected":false},"excerpt":{"rendered":"<p>VERANTWORTLICHER &amp; KONTAKT Verantwortlich gem. DSGVO ist die:\u00a0Ayn Rand Gesellschaft e.V. mit Sitz in: Ayn Rand Gesellschaft e. V., Frommhagenstra\u00dfe 34, 39576 Stendal. Du kannst uns ferner bzgl. Datenschutzanfragen via Mail \u00fcber info@aynrand.pro erreichen. Ein gesonderter Datenschutzbeauftragter ist nicht bestellt, da wir nicht mindestens 20 Personen st\u00e4ndig mit der automatisierten Verarbeitung personenbezogener Daten besch\u00e4ftigen, vgl.&hellip;&nbsp;<a href=\"https:\/\/aynrand.pro\/index.php\/datenschutzerklaerung\/\" class=\"\" rel=\"bookmark\">Weiterlesen &raquo;<span class=\"screen-reader-text\">Datenschutzerkl\u00e4rung<\/span><\/a><\/p>\n","protected":false},"author":1,"featured_media":0,"parent":0,"menu_order":0,"comment_status":"closed","ping_status":"open","template":"","meta":{"_coblocks_attr":"","_coblocks_dimensions":"","_coblocks_responsive_height":"","_coblocks_accordion_ie_support":"","_eb_attr":"","_uag_custom_page_level_css":"","advgb_blocks_editor_width":"","advgb_blocks_columns_visual_guide":"","neve_meta_sidebar":"","neve_meta_container":"","neve_meta_enable_content_width":"","neve_meta_content_width":0,"neve_meta_title_alignment":"","neve_meta_author_avatar":"","neve_post_elements_order":"","neve_meta_disable_header":"","neve_meta_disable_footer":"","neve_meta_disable_title":"","footnotes":""},"class_list":["post-3","page","type-page","status-publish","hentry"],"aioseo_notices":[],"featured_image_src":null,"uagb_featured_image_src":{"full":false,"thumbnail":false,"medium":false,"medium_large":false,"large":false,"1536x1536":false,"2048x2048":false,"neve-blog":false},"uagb_author_info":{"display_name":"admin","author_link":"https:\/\/aynrand.pro\/index.php\/author\/admin\/"},"uagb_comment_info":0,"uagb_excerpt":"VERANTWORTLICHER &amp; KONTAKT Verantwortlich gem. DSGVO ist die:\u00a0Ayn Rand Gesellschaft e.V. mit Sitz in: Ayn Rand Gesellschaft e. V., Frommhagenstra\u00dfe 34, 39576 Stendal. Du kannst uns ferner bzgl. Datenschutzanfragen via Mail \u00fcber info@aynrand.pro erreichen. Ein gesonderter Datenschutzbeauftragter ist nicht bestellt, da wir nicht mindestens 20 Personen st\u00e4ndig mit der automatisierten Verarbeitung personenbezogener Daten besch\u00e4ftigen, vgl.&hellip;&nbsp;Weiterlesen&hellip;","coauthors":[],"author_meta":{"author_link":"https:\/\/aynrand.pro\/index.php\/author\/admin\/","display_name":"admin"},"relative_dates":{"created":"Ver\u00f6ffentlicht 3\u00a0Jahren vor","modified":"Aktualisiert 2\u00a0Jahren vor"},"absolute_dates":{"created":"Ver\u00f6ffentlicht am 9. M\u00e4rz 2023","modified":"Aktualisiert am 3. September 2024"},"absolute_dates_time":{"created":"Ver\u00f6ffentlicht am 9. M\u00e4rz 2023 23:40","modified":"Aktualisiert am 3. September 2024 20:31"},"featured_img_caption":"","featured_img":false,"series_order":"","_links":{"self":[{"href":"https:\/\/aynrand.pro\/index.php\/wp-json\/wp\/v2\/pages\/3","targetHints":{"allow":["GET"]}}],"collection":[{"href":"https:\/\/aynrand.pro\/index.php\/wp-json\/wp\/v2\/pages"}],"about":[{"href":"https:\/\/aynrand.pro\/index.php\/wp-json\/wp\/v2\/types\/page"}],"author":[{"embeddable":true,"href":"https:\/\/aynrand.pro\/index.php\/wp-json\/wp\/v2\/users\/1"}],"replies":[{"embeddable":true,"href":"https:\/\/aynrand.pro\/index.php\/wp-json\/wp\/v2\/comments?post=3"}],"version-history":[{"count":2,"href":"https:\/\/aynrand.pro\/index.php\/wp-json\/wp\/v2\/pages\/3\/revisions"}],"predecessor-version":[{"id":571,"href":"https:\/\/aynrand.pro\/index.php\/wp-json\/wp\/v2\/pages\/3\/revisions\/571"}],"wp:attachment":[{"href":"https:\/\/aynrand.pro\/index.php\/wp-json\/wp\/v2\/media?parent=3"}],"curies":[{"name":"wp","href":"https:\/\/api.w.org\/{rel}","templated":true}]}}

Datenschutzerklärung

<p><strong>VERANTWORTLICHER &amp; KONTAKT</strong></p>



<p>Verantwortlich gem. DSGVO ist die: Ayn Rand Gesellschaft e.V. mit Sitz in: Ayn Rand Gesellschaft e. V., Frommhagenstraße 34, 39576 Stendal. Du kannst uns ferner bzgl. Datenschutzanfragen via Mail über info@aynrand.pro erreichen.<br><br>Ein gesonderter Datenschutzbeauftragter ist nicht bestellt, da wir nicht mindestens 20 Personen ständig mit der automatisierten Verarbeitung personenbezogener Daten beschäftigen, vgl. § 38 Abs. 1 BDSG i.V.m. Art. 37 DSGVO.<br></p>



<p><strong>DEINE RECHTE</strong></p>



<p>Dir stehen im Datenschutz die Rechte der DSGVO zu (sofern die im Gesetz genannten Voraussetzungen vorliegen).<br></p>



<p><strong>BESUCH DER WEBSEITE</strong></p>



<p>Wenn Du unsere Webseite besuchst und dich nur informieren willst und dich dabei nicht registrierst oder weitere Informationen übermittelst, erheben wir nur die personenbezogenen Daten, die dein Browser an unseren Server übermittelt (bspw. Zeitzone, Browser-Typ,aufgerufene Seite, Datum der Anfrage, Betriebsystem). Es handelt sich dabei um Daten, die technisch erforderlich sind, um die Webseite anzuzeigen und die Stabilität und Sicherheit zu gewährleisten. Rechtsgrundlage dafür ist Art. 6 Abs. 1 S. 1 lit. f DSGVO. Dies erfolgt über unseren Hosting-Anbieter: </p>



<p>netcup GmbH<br>Daimlerstraße 25<br>D-76185 Karlsruhe<br></p>



<p><strong>KONTAKTAUFNAHME</strong> <strong>&amp; KOMMENTARE</strong></p>



<p>Bei einer Kontaktaufnahme mit uns per E-Mail oder über ein Kontaktformular werden die mitgeteilten Daten bei uns gespeichert, um deine Fragen zu beantworten. Soweit wir über unser Kontaktformular Eingaben abfragen, die nicht für eine Kontaktaufnahme erforderlich sind, sind diese als optional gekennzeichnet. Eine Mitteilung dieser Angaben erfolgt ausdrücklich auf freiwilliger Basis und mit Ihrer Einwilligung, Art. 6 Abs. 1 S. 1 lit. a DSGVO. Wenn es sich hierbei um Angaben zu Kommunikationswegen handelt, willigst Du ein, dass wir Dich auch über diesen Kommunikationskanal kontaktieren können, um die Anfrage zu bearbeiten. Diese Einwilligung kann jederzeit für die Zukunft widerrufen werden. Die in diesem Zusammenhang anfallenden Daten werden gelöscht, nachdem die Speicherung nicht mehr erforderlich ist, oder der Widerruf erklärt wird.</p>



<p>Wenn du einen Kommentar schreibst, wird dieser inklusive Metadaten zeitlich unbegrenzt gespeichert. Auf diese Art können wir Folgekommentare automatisch erkennen und freigeben, anstatt sie in einer Moderations-Warteschlange festzuhalten.</p>



<p>Für Benutzer, die sich auf unserer Website registrieren, speichern wir zusätzlich die persönlichen Informationen, die sie in ihren Benutzerprofilen angeben. Alle Benutzer können jederzeit ihre persönlichen Informationen einsehen, verändern oder löschen (der Benutzername kann nicht verändert werden). Administratoren der Website können diese Informationen ebenfalls einsehen und verändern.</p>



<p>Wenn du ein Konto auf dieser Website besitzt oder Kommentare geschrieben hast, kannst du einen Export deiner personenbezogenen Daten bei uns anfordern, inklusive aller Daten, die du uns mitgeteilt hast. Darüber hinaus kannst du die Löschung aller personenbezogenen Daten, die wir von dir gespeichert haben, anfordern. Dies umfasst nicht die Daten, die wir aufgrund administrativer, rechtlicher oder sicherheitsrelevanter Notwendigkeiten aufbewahren müssen.<br></p>



<p><strong>COOKIES</strong></p>



<p>Wenn du einen Kommentar auf unserer Website schreibst, kann das eine Einwilligung sein, deinen Namen, E-Mail-Adresse und Website in Cookies zu speichern. Dies ist eine Komfortfunktion, damit du nicht, wenn du einen weiteren Kommentar schreibst, all diese Daten erneut eingeben musst. Diese Cookies werden ein Jahr lang gespeichert.</p>



<p>Falls du ein Konto hast und dich auf dieser Website anmeldest, werden wir ein temporäres Cookie setzen, um festzustellen, ob dein Browser Cookies akzeptiert. Dieses Cookie enthält keine personenbezogenen Daten und wird verworfen, wenn du deinen Browser schließt.</p>



<p>Wenn du dich anmeldest, werden wir einige Cookies einrichten, um deine Anmeldeinformationen und Anzeigeoptionen zu speichern. Anmelde-Cookies verfallen nach zwei Tagen und Cookies für die Anzeigeoptionen nach einem Jahr. Falls du bei der Anmeldung „Angemeldet bleiben“ auswählst, wird deine Anmeldung zwei Wochen lang aufrechterhalten. Mit der Abmeldung aus deinem Konto werden die Anmelde-Cookies gelöscht.</p>



<p>Wenn du einen Artikel bearbeitest oder veröffentlichst, wird ein zusätzlicher Cookie in deinem Browser gespeichert. Dieser Cookie enthält keine personenbezogenen Daten und verweist nur auf die Beitrags-ID des Artikels, den du gerade bearbeitet hast. Der Cookie verfällt nach einem Tag.<br></p>



<p><strong>EINGEBETTETE INHALTE</strong></p>



<p>Beiträge auf dieser Website können eingebettete Inhalte beinhalten (z. B. Videos, Bilder, Beiträge etc.). Eingebettete Inhalte von anderen Websites verhalten sich exakt so, als ob der Besucher die andere Website besucht hätte.</p>



<p>Diese Websites können Daten über dich sammeln, Cookies benutzen, zusätzliche Tracking-Dienste von Dritten einbetten und deine Interaktion mit diesem eingebetteten Inhalt aufzeichnen, inklusive deiner Interaktion mit dem eingebetteten Inhalt, falls du ein Konto hast und auf dieser Website angemeldet bist.<br></p>



<p><strong>GOOGLE ANALYTICS</strong></p>



<p>Diese Seite verwendet die Dienste von Google Analytics. Wir verwenden diese Daten um zu prüfen, ob unsere Seite besucht wird, wie lange die Verweildauer ist etc. um unser Angebot besser &amp; attraktiver zu machen. Einen genauen Überblick der Daten findest Du bei: https://support.google.com/analytics/answer/6004245?hl=de&amp;ref_topic=2919631&amp;sjid=6636312018466752661-EU<br></p>

<p>VERANTWORTLICHER &amp; KONTAKT Verantwortlich gem. DSGVO ist die: Ayn Rand Gesellschaft e.V. mit Sitz in: Ayn Rand Gesellschaft e. V., Frommhagenstraße 34, 39576 Stendal. Du kannst uns ferner bzgl. Datenschutzanfragen via Mail über info@aynrand.pro erreichen. Ein gesonderter Datenschutzbeauftragter ist nicht bestellt, da wir nicht mindestens 20 Personen ständig mit der automatisierten Verarbeitung personenbezogener Daten beschäftigen, vgl.&hellip;&nbsp;<a href="https://aynrand.pro/index.php/datenschutzerklaerung/" class="" rel="bookmark">Weiterlesen &raquo;<span class="screen-reader-text">Datenschutzerklärung</span></a></p>

VERANTWORTLICHER &amp; KONTAKT Verantwortlich gem. DSGVO ist die: Ayn Rand Gesellschaft e.V. mit Sitz in: Ayn Rand Gesellschaft e. V., Frommhagenstraße 34, 39576 Stendal. Du kannst uns ferner bzgl. Datenschutzanfragen via Mail über info@aynrand.pro erreichen. Ein gesonderter Datenschutzbeauftragter ist nicht bestellt, da wir nicht mindestens 20 Personen ständig mit der automatisierten Verarbeitung personenbezogener Daten beschäftigen, vgl.&hellip;&nbsp;Weiterlesen&hellip;

Veröffentlicht 3 Jahren vor

Veröffentlicht am 9. März 2023

Veröffentlicht am 9. März 2023 23:40
